{"id":771,"date":"2016-06-21T14:07:59","date_gmt":"2016-06-21T13:07:59","guid":{"rendered":"http:\/\/www.ips-pljockanje.hr\/?page_id=771"},"modified":"2024-02-04T20:13:44","modified_gmt":"2024-02-04T19:13:44","slug":"sd-sutivanac","status":"publish","type":"page","link":"https:\/\/www.ips-pljockanje.hr\/?page_id=771","title":{"rendered":"PLJO\u010cKARSKI SAVEZ HRVATSKE &#8211; dokumenti"},"content":{"rendered":"<p><strong>PLJO\u010cKARSKI SAVEZ HRVATSKE<\/strong><\/p>\n<p>Svetvin\u010denat 47, 52342 SVETVIN\u010cENAT<\/p>\n<p>predsjednik: Milivoj Pacenti; Tel: 099\/699 0601; e-mail: pljockari.lanterna@yahoo.com<\/p>\n<p><strong>temeljni dokumenti:<\/strong><\/p>\n<blockquote><p><a href=\"http:\/\/www.ips-pljockanje.hr\/wp-content\/uploads\/2020\/08\/STATUT_PSH-2016-OVJERENI.pdf\"><strong>STATUT_PSH 2016 OVJERENI<\/strong><\/a><\/p>\n<p><strong><a href=\"http:\/\/www.ips-pljockanje.hr\/wp-content\/uploads\/2020\/09\/PSH-rjesenje-Reg.udruga-9_9_2020.pdf\">PSH rje\u0161enje Reg.udruga 9_9_2020<\/a><\/strong><\/p><\/blockquote>\n<blockquote><p><strong><span style=\"color: #993300;\"><a style=\"color: #993300;\" href=\"https:\/\/www.ips-pljockanje.hr\/wp-content\/uploads\/2024\/02\/Kalendar-natjecanja-2024.pdf\">Kalendar natjecanja 2024<\/a><\/span><\/strong><\/p>\n<p><a href=\"http:\/\/www.ips-pljockanje.hr\/wp-content\/uploads\/2023\/02\/PSH-Kalendar-natjecanja-za-2023.pdf\"><strong>PSH Kalendar natjecanja za 2023<\/strong><\/a><\/p>\n<p><strong><a href=\"http:\/\/www.ips-pljockanje.hr\/wp-content\/uploads\/2022\/03\/Kalendar-natjecanja-za-2022_prijedlog_4.pdf\">Kalendar natjecanja za 2022_prijedlog_4<\/a><\/strong><\/p>\n<p><strong><a href=\"http:\/\/www.ips-pljockanje.hr\/wp-content\/uploads\/2022\/03\/PSH-kalendar-natjecanja-2021.pdf\">PSH kalendar natjecanja 2021<\/a><\/strong><\/p>\n<p><strong><a href=\"http:\/\/www.ips-pljockanje.hr\/wp-content\/uploads\/2020\/09\/PSH-kalendar-natjecanja-2020.pdf\">PSH kalendar natjecanja 2020<\/a><\/strong><\/p>\n<p><span style=\"color: #993300;\"><strong><a style=\"color: #993300;\" href=\"https:\/\/www.ips-pljockanje.hr\/wp-content\/uploads\/2024\/02\/PRAVILNIK-O-PLJOCKANJU.pdf\">PRAVILNIK O PLJO\u010cKANJU<\/a><\/strong><\/span><\/p>\n<p><span style=\"color: #993300;\"><strong><a style=\"color: #993300;\" href=\"https:\/\/www.ips-pljockanje.hr\/wp-content\/uploads\/2024\/02\/PRAVILNIK-O-SUDCU-NATJECANJA.pdf\">PRAVILNIK O SUDCU NATJECANJA<\/a><\/strong><\/span><\/p>\n<blockquote><p><strong><a href=\"http:\/\/www.ips-pljockanje.hr\/wp-content\/uploads\/2022\/03\/PROPOZICIJE_PRVENSTVO-HRVATSKE-2022.pdf\">PROPOZICIJE_PRVENSTVO HRVATSKE 2022<\/a><\/strong><\/p>\n<blockquote><p><strong><a href=\"http:\/\/www.ips-pljockanje.hr\/wp-content\/uploads\/2019\/03\/Obrazac-PSH-PRIJAVA-EKIPE.pdf\">Obrazac PSH-PRIJAVA EKIPE<\/a><\/strong><\/p>\n<p><strong><strong><strong><a href=\"http:\/\/www.ips-pljockanje.hr\/wp-content\/uploads\/2017\/04\/Obrazac-PSH-registracija-igra\u010da.pdf\">Obrazac PSH-registracija igra\u010da<\/a><\/strong><\/strong><\/strong><\/p>\n<p><strong><strong><strong><a href=\"http:\/\/www.ips-pljockanje.hr\/wp-content\/uploads\/2017\/04\/Obrazac-PSH-PREKID-\u010cLANSTVA.pdf\">Obrazac PSH-PREKID-\u010cLANSTVA<\/a><\/strong><\/strong><\/strong><\/p>\n<p><strong>obrasci za evidentiranje pljo\u010dkarskih natjecanja: liga<\/strong><\/p>\n<blockquote><p><a href=\"http:\/\/www.ips-pljockanje.hr\/wp-content\/uploads\/2018\/04\/evidencija-susreta.pdf\"><strong>evidencija susreta<\/strong><\/a><\/p><\/blockquote>\n<p><strong>obrasci za evidentiranje PSH turnira:<\/strong><\/p>\n<blockquote><p><strong><strong><a href=\"http:\/\/www.ips-pljockanje.hr\/wp-content\/uploads\/2018\/08\/Evidencija-turnira-PSH-grupe-A_D.pdf\">Evidencija turnira PSH grupe A_D<\/a><\/strong><\/strong><\/p>\n<p><strong><br \/>\n<\/strong><strong><a href=\"http:\/\/www.ips-pljockanje.hr\/wp-content\/uploads\/2018\/08\/Evidencija-turnira-PSH-grupe-A_D.pdf\"><br \/>\n<\/a><\/strong><strong><a href=\"http:\/\/www.ips-pljockanje.hr\/wp-content\/uploads\/2018\/08\/Evidencija-turnira-PSH-grupe-E_H.pdf\">Evidencija turnira PSH grupe E_H<\/a><\/strong><\/p>\n<p><a href=\"http:\/\/www.ips-pljockanje.hr\/wp-content\/uploads\/2018\/08\/Evidencija-turnira-PSH-grupe-E_H.pdf\"><br \/>\n<\/a><a href=\"http:\/\/www.ips-pljockanje.hr\/wp-content\/uploads\/2018\/08\/Evidencija-turnira-PSH-grupe-I_L.pdf\">Evidencija turnira PSH grupe I_L<\/a><\/p>\n<p><a href=\"http:\/\/www.ips-pljockanje.hr\/wp-content\/uploads\/2018\/08\/Evidencija-turnira-PSH-grupe-I_L.pdf\"><br \/>\n<\/a><a href=\"http:\/\/www.ips-pljockanje.hr\/wp-content\/uploads\/2018\/08\/Evidencija-turnira-PSH-grupe-M_P.pdf\">Evidencija turnira PSH grupe M_P<\/a><\/p>\n<p><a href=\"http:\/\/www.ips-pljockanje.hr\/wp-content\/uploads\/2018\/08\/Evidencija-turnira-PSH-grupe-M_P.pdf\"><br \/>\n<\/a><a href=\"http:\/\/www.ips-pljockanje.hr\/wp-content\/uploads\/2018\/08\/Evidencija-turnira-PSH-\u0161esnaestina-16-grupa.pdf\">Evidencija turnira PSH \u0161esnaestina 16 grupa<\/a><\/p>\n<p><a href=\"http:\/\/www.ips-pljockanje.hr\/wp-content\/uploads\/2018\/08\/Evidencija-turnira-PSH-\u0161esnaestina-16-grupa.pdf\"><br \/>\n<\/a><a href=\"http:\/\/www.ips-pljockanje.hr\/wp-content\/uploads\/2018\/08\/Evidencija-turnira-PSH-osmina-16-grupa.pdf\">Evidencija turnira PSH osmina 16 grupa<\/a><\/p>\n<p><a href=\"http:\/\/www.ips-pljockanje.hr\/wp-content\/uploads\/2018\/08\/Evidencija-turnira-PSH-osmina-16-grupa.pdf\"><br \/>\n<\/a><a href=\"http:\/\/www.ips-pljockanje.hr\/wp-content\/uploads\/2018\/08\/Evidencija-turnira-PSH-osmina-8-grupa.pdf\">Evidencija turnira PSH osmina 8 grupa<\/a><\/p>\n<p><a href=\"http:\/\/www.ips-pljockanje.hr\/wp-content\/uploads\/2018\/08\/Evidencija-turnira-PSH-osmina-8-grupa.pdf\"><br \/>\n<\/a><a href=\"http:\/\/www.ips-pljockanje.hr\/wp-content\/uploads\/2018\/08\/Evidencija-turnira-PSH-finale-1-8.pdf\">Evidencija turnira PSH finale 1-8<\/a><\/p>\n<p><a href=\"http:\/\/www.ips-pljockanje.hr\/wp-content\/uploads\/2018\/08\/Evidencija-turnira-PSH-finale-1-8.pdf\"><br \/>\n<\/a><a href=\"http:\/\/www.ips-pljockanje.hr\/wp-content\/uploads\/2018\/08\/Evidencija-turnira-PSH-prijava.pdf\">Evidencija turnira PSH prijava<\/a><\/p><\/blockquote>\n<\/blockquote>\n<\/blockquote>\n<\/blockquote>\n","protected":false},"excerpt":{"rendered":"<p>PLJO\u010cKARSKI SAVEZ HRVATSKE Svetvin\u010denat 47, 52342 SVETVIN\u010cENAT predsjednik: Milivoj Pacenti; Tel: 099\/699 0601; e-mail: pljockari.lanterna@yahoo.com temeljni dokumenti: STATUT_PSH 2016 OVJERENI PSH rje\u0161enje Reg.udruga 9_9_2020 Kalendar natjecanja 2024 PSH Kalendar natjecanja za 2023 Kalendar natjecanja za 2022_prijedlog_4 PSH kalendar natjecanja 2021<\/p>\n","protected":false},"author":2,"featured_media":0,"parent":0,"menu_order":0,"comment_status":"closed","ping_status":"closed","template":"","meta":[],"_links":{"self":[{"href":"https:\/\/www.ips-pljockanje.hr\/index.php?rest_route=\/wp\/v2\/pages\/771"}],"collection":[{"href":"https:\/\/www.ips-pljockanje.hr\/index.php?rest_route=\/wp\/v2\/pages"}],"about":[{"href":"https:\/\/www.ips-pljockanje.hr\/index.php?rest_route=\/wp\/v2\/types\/page"}],"author":[{"embeddable":true,"href":"https:\/\/www.ips-pljockanje.hr\/index.php?rest_route=\/wp\/v2\/users\/2"}],"replies":[{"embeddable":true,"href":"https:\/\/www.ips-pljockanje.hr\/index.php?rest_route=%2Fwp%2Fv2%2Fcomments&post=771"}],"version-history":[{"count":52,"href":"https:\/\/www.ips-pljockanje.hr\/index.php?rest_route=\/wp\/v2\/pages\/771\/revisions"}],"predecessor-version":[{"id":2340,"href":"https:\/\/www.ips-pljockanje.hr\/index.php?rest_route=\/wp\/v2\/pages\/771\/revisions\/2340"}],"wp:attachment":[{"href":"https:\/\/www.ips-pljockanje.hr\/index.php?rest_route=%2Fwp%2Fv2%2Fmedia&parent=771"}],"curies":[{"name":"wp","href":"https:\/\/api.w.org\/{rel}","templated":true}]}}