{"id":58,"date":"2014-09-03T18:45:28","date_gmt":"2014-09-03T17:45:28","guid":{"rendered":"http:\/\/www.ips-pljockanje.hr\/?page_id=58"},"modified":"2022-11-17T18:40:30","modified_gmt":"2022-11-17T17:40:30","slug":"pk-45-paralela","status":"publish","type":"page","link":"https:\/\/www.ips-pljockanje.hr\/?page_id=58","title":{"rendered":"EDUKACIJSKE RADIONICE O PLJO\u010cKANJU"},"content":{"rendered":"<p>Ostvarenjem punopravnog \u010dlanstva u AEJeST-u IPS je usvojio &#8220;Veronsku deklaraciju&#8221; koja predvi\u0111a uvo\u0111enje tradicijskih igara i sportova u \u0161kolske programe. \u21d2\u00a0<strong><a href=\"http:\/\/www.ips-pljockanje.hr\/wp-content\/uploads\/2015\/12\/Appel-Verona-2015-En-2.pdf\">Appel Verona 2015 En 2<\/a><\/strong><\/p>\n<p>Projekat edukacijskih radionica o pljo\u010dkanju, kojeg nekoliko godina \u010dlanovi IPS-a provode u dogovoru sa \u0161kolama, predstavlja jednu od temeljnih aktivnosti koje su nakon Rje\u0161enja o priznavanju &#8220;pljo\u010dkanja&#8221; nematerijalnom kulturnom ba\u0161tinom, \u010dlanovi udruga i klubova udru\u017eeni u Istarski Pljo\u010dkarski Savez preuzeli.<\/p>\n<p><a href=\"http:\/\/www.ips-pljockanje.hr\/wp-content\/uploads\/2020\/10\/OS-Bale-2019.4-e1603663468695.jpg\"><img decoding=\"async\" loading=\"lazy\" class=\"alignnone size-medium wp-image-1891\" src=\"http:\/\/www.ips-pljockanje.hr\/wp-content\/uploads\/2020\/10\/OS-Bale-2019.4-300x225.jpg\" alt=\"\" width=\"300\" height=\"225\" \/><\/a> <a href=\"http:\/\/www.ips-pljockanje.hr\/wp-content\/uploads\/2020\/10\/OS-Marija-i-Lina-sportski-dan-1-scaled-e1603570029541.jpg\">\u00a0<\/a><a href=\"http:\/\/www.ips-pljockanje.hr\/wp-content\/uploads\/2019\/02\/Pore\u010d-19_2_2019.5-e1550757955694.jpg\"><img decoding=\"async\" loading=\"lazy\" class=\"alignnone  wp-image-1459\" src=\"http:\/\/www.ips-pljockanje.hr\/wp-content\/uploads\/2019\/02\/Pore\u010d-19_2_2019.5-300x169.jpg\" alt=\"\" width=\"396\" height=\"223\" \/><\/a><\/p>\n<p>Projektom je predvi\u0111eno da se odr\u017ei kratak uvod u povijest, opis pravila i na\u010dina igranja nakon \u010dega se nastavlja sa prakti\u010dnim dijelom pokazivanja igre u kojoj sudjeluju i djeca.<\/p>\n<blockquote><p>U edukacijskim radionicama, koje se organizirano odr\u017eavaju od 2011. godine, upoznali smo oko 10000 polaznika sa povije\u0161\u0107u i osnovama igre &#8220;pljo\u010dkanja&#8221;, te na taj na\u010din spasili od zaborava, ne samo igru &#8220;pljo\u010dkanje&#8221;, ve\u0107 rije\u010di i termine na \u010dakavskom dijalektu koji se koriste uz igru.<\/p><\/blockquote>\n<p>IPS ima namjeru pro\u0161iriti projekat edukacije na na\u010din da u projekat uklju\u010di 4 &#8211; 8 osnovnih \u0161kola u kojima bi se, kroz program zavi\u010dajne nastave i tjelesnog odgoja, osnovale pljo\u010dkarske sekcije u\u010denika koje bi sudjelovale na zavr\u0161nom turniru &#8220;Prvenstvu Istre u pljo\u010dkanju&#8221; za Osnovne \u0161kole.<\/p>\n<p>Od \u0161kolske godine 2022-23 desetak \u0161kola sa podru\u010dja Istre uvrstilo je tradicijske igre i sportove u svoje kurikulume a posebno nas veseli pokretanje &#8220;\u0160kolske lige pljo\u010dkanja&#8221;. \u0160kolama u\u010desnicama biti \u0107e obezbje\u0111eni rekviziti, 12 kom pljo\u010dki, 2 bulina, 2 igrali\u0161ta i 2 semafora, kako bi se mogli pripremati za zavr\u0161ni turnir u Sv. Petru u \u0160umi na prolje\u0107e 2023. godine.<\/p>\n","protected":false},"excerpt":{"rendered":"<p>Ostvarenjem punopravnog \u010dlanstva u AEJeST-u IPS je usvojio &#8220;Veronsku deklaraciju&#8221; koja predvi\u0111a uvo\u0111enje tradicijskih igara i sportova u \u0161kolske programe. \u21d2\u00a0Appel Verona 2015 En 2 Projekat edukacijskih radionica o pljo\u010dkanju, kojeg nekoliko godina \u010dlanovi IPS-a provode u dogovoru sa \u0161kolama,<\/p>\n","protected":false},"author":1,"featured_media":0,"parent":0,"menu_order":0,"comment_status":"closed","ping_status":"closed","template":"","meta":[],"_links":{"self":[{"href":"https:\/\/www.ips-pljockanje.hr\/index.php?rest_route=\/wp\/v2\/pages\/58"}],"collection":[{"href":"https:\/\/www.ips-pljockanje.hr\/index.php?rest_route=\/wp\/v2\/pages"}],"about":[{"href":"https:\/\/www.ips-pljockanje.hr\/index.php?rest_route=\/wp\/v2\/types\/page"}],"author":[{"embeddable":true,"href":"https:\/\/www.ips-pljockanje.hr\/index.php?rest_route=\/wp\/v2\/users\/1"}],"replies":[{"embeddable":true,"href":"https:\/\/www.ips-pljockanje.hr\/index.php?rest_route=%2Fwp%2Fv2%2Fcomments&post=58"}],"version-history":[{"count":19,"href":"https:\/\/www.ips-pljockanje.hr\/index.php?rest_route=\/wp\/v2\/pages\/58\/revisions"}],"predecessor-version":[{"id":2228,"href":"https:\/\/www.ips-pljockanje.hr\/index.php?rest_route=\/wp\/v2\/pages\/58\/revisions\/2228"}],"wp:attachment":[{"href":"https:\/\/www.ips-pljockanje.hr\/index.php?rest_route=%2Fwp%2Fv2%2Fmedia&parent=58"}],"curies":[{"name":"wp","href":"https:\/\/api.w.org\/{rel}","templated":true}]}}