{"id":56,"date":"2014-09-03T18:45:11","date_gmt":"2014-09-03T17:45:11","guid":{"rendered":"http:\/\/www.ips-pljockanje.hr\/?page_id=56"},"modified":"2023-05-02T21:57:50","modified_gmt":"2023-05-02T20:57:50","slug":"pk-agroturist","status":"publish","type":"page","link":"https:\/\/www.ips-pljockanje.hr\/?page_id=56","title":{"rendered":"ME\u0110UNARODNI FESTIVAL PLJO\u010cKANJA"},"content":{"rendered":"<p><a href=\"http:\/\/www.ips-pljockanje.hr\/wp-content\/uploads\/2017\/03\/pljockari-2017-0037-e1490735524377.jpg\"><img decoding=\"async\" loading=\"lazy\" class=\"alignnone size-medium wp-image-929\" src=\"http:\/\/www.ips-pljockanje.hr\/wp-content\/uploads\/2017\/03\/pljockari-2017-0037-300x200.jpg\" alt=\"\" width=\"300\" height=\"200\" \/> <\/a><a href=\"http:\/\/www.ips-pljockanje.hr\/wp-content\/uploads\/2021\/08\/tiskovna-1-e1628841927137.jpg\"><img decoding=\"async\" loading=\"lazy\" class=\"alignnone  wp-image-2010\" src=\"http:\/\/www.ips-pljockanje.hr\/wp-content\/uploads\/2021\/08\/tiskovna-1-300x297.jpg\" alt=\"\" width=\"202\" height=\"200\" \/><\/a><\/p>\n<p><strong>&#8220;me\u0111unarodni festival pljo\u010dkanja&#8221;<\/strong>, MFP, je projekat koji je IPS zapo\u010deo 2016. godine i predstavlja po\u010detak djelovanja IPS-a unutar ETSGA-AEJeST-a, Europske Asocijacije Tradicionalnih Igara i Sportova, koje je IPS punopravni \u010dlan.<\/p>\n<p><strong>7. &#8220;me\u0111unarodni festival pljo\u010dkanja&#8221;<\/strong> odr\u017eati \u0107e se 8. i 9. rujna 2023. godine u Svetvin\u010dentu kao dio doga\u0111anja vezanih za obilje\u017eavanje 20 godina dono\u0161enja UNESCO Konvencije o za\u0161titi nematerijalne kulturne ba\u0161tine.\u00a0<\/p>\n<p><strong>6. &#8220;me\u0111unarodni festival pljo\u010dkanja&#8221;<\/strong> odr\u017ean je 9. i 10. rujna 2022. godine u Svetvin\u010dentu; ka\u0161tel Morosini-Grimani uz me\u0111unarodni znanstveni skup pod nazivom: &#8220;Budu\u0107nost tradicijskih igara i sportova: ulaganje u obrazovanje&#8221;. Zbog vremenskih prilika festival na otvorenom nije bilo mogu\u0107e odr\u017eati.<\/p>\n<p><strong>5. &#8220;me\u0111unarodni festival pljo\u010dkanja&#8221;<\/strong> odr\u017ean je 23\/10\/2021. godine u Svetvin\u010dentu, u obnovljenom ka\u0161telu Morosini-Grimani. 22\/10\/2021 je odr\u017ean 3. me\u0111unarodni skup pod nazivom: &#8220;Uloga tradicijskih igara i sportova u razvoju lokalnih zajednica kroz odr\u017eivi turizam&#8221; a dan nakon toga 20. redovna i izborna skup\u0161tina AEJeST-a.\u00a0<\/p>\n<p><strong>2020. godine<\/strong>, zbog pandemije Coronavirusa, festival nije odr\u017ean ali je uspje\u0161no odr\u017ean 2. me\u0111unarodni znanstveni skup pod nazivom; &#8220;Tradicijske igre i sportovi u kontekstu turizma&#8221;, skup je odr\u017ean ON LINE putem Zoom aplikacije 7\/12.\/2020. godine<\/p>\n<p><strong>4. &#8220;me\u0111unarodni festival pljo\u010dkanja&#8221;<\/strong> odr\u017ean je od 13. do 15. lipnja 2019. godine u Svetvin\u010dentu. U sklopu festivala odr\u017ean je me\u0111unarodni znanstveni skup na temu tradicijskih igara i sportova. Skupu je prisustvovalo ukupno osam izlaga\u010da koji su predstavili svoje radove. U sklopu festivala potpisan je memorandum o suradnji sa Savezom slijepih I\u017d, kojeg su potpisali gosp. Armando Fabijan\u010di\u0107 za IPS i gosp. Zlatko Kufti\u0107 za SSI\u017d.<\/p>\n<p>Od 23. do 25. lipnja 2018. godine festival je odr\u017ean u Svetvin\u010dentu. U sklopu &#8220;<strong>3. me\u0111unarodnog festivala pljo\u010dkanja&#8221;<\/strong> odr\u017ean je interesantan okrugli stol na temu tradicijskih igara i sportova, prezentacije europskih projekata Osnovnih \u0161kola iz Svetvin\u010denta i Rovinja te odr\u017ean me\u0111unarodni pljo\u010dkarski turnir parova na kojima su nastupili igra\u010di iz pet zemalja.<\/p>\n<p>2017. godine je odr\u017ean <strong>&#8220;2. me\u0111unarodni festival pljo\u010dkanja&#8221;<\/strong> 24. i 25. o\u017eujka u Buzetu i Umagu. Ovom manifestacijom IPS se dokazao kao ozbiljan partner AEJeST-u, u sklopu festivala odr\u017ean je sastanak Upravnog odbora AEJeST-a, te prepoznatljiv i dosljedan promotor &#8220;nematerijalne kulturne ba\u0161tine RH&#8221; u Europi.<\/p>\n\n","protected":false},"excerpt":{"rendered":"<p>&#8220;me\u0111unarodni festival pljo\u010dkanja&#8221;, MFP, je projekat koji je IPS zapo\u010deo 2016. godine i predstavlja po\u010detak djelovanja IPS-a unutar ETSGA-AEJeST-a, Europske Asocijacije Tradicionalnih Igara i Sportova, koje je IPS punopravni \u010dlan. 7. &#8220;me\u0111unarodni festival pljo\u010dkanja&#8221; odr\u017eati \u0107e se 8. i 9.<\/p>\n","protected":false},"author":2,"featured_media":0,"parent":0,"menu_order":0,"comment_status":"closed","ping_status":"closed","template":"","meta":[],"_links":{"self":[{"href":"https:\/\/www.ips-pljockanje.hr\/index.php?rest_route=\/wp\/v2\/pages\/56"}],"collection":[{"href":"https:\/\/www.ips-pljockanje.hr\/index.php?rest_route=\/wp\/v2\/pages"}],"about":[{"href":"https:\/\/www.ips-pljockanje.hr\/index.php?rest_route=\/wp\/v2\/types\/page"}],"author":[{"embeddable":true,"href":"https:\/\/www.ips-pljockanje.hr\/index.php?rest_route=\/wp\/v2\/users\/2"}],"replies":[{"embeddable":true,"href":"https:\/\/www.ips-pljockanje.hr\/index.php?rest_route=%2Fwp%2Fv2%2Fcomments&post=56"}],"version-history":[{"count":11,"href":"https:\/\/www.ips-pljockanje.hr\/index.php?rest_route=\/wp\/v2\/pages\/56\/revisions"}],"predecessor-version":[{"id":2279,"href":"https:\/\/www.ips-pljockanje.hr\/index.php?rest_route=\/wp\/v2\/pages\/56\/revisions\/2279"}],"wp:attachment":[{"href":"https:\/\/www.ips-pljockanje.hr\/index.php?rest_route=%2Fwp%2Fv2%2Fmedia&parent=56"}],"curies":[{"name":"wp","href":"https:\/\/api.w.org\/{rel}","templated":true}]}}